-2*o. Let p = -31 + o. Suppose -178 = -4*c + p. What are the prime factors of c?
3, 5
Let g = 3 - 1. Let p = g + 0. Suppose -18 = b - p*b. What are the prime factors of b?
2, 3
Let k = 341 - -415. What are the prime factors of k?
2, 3, 7
Suppose 3*b - 282 = -3*z, 2*b - 3*z + 76 - 284 = 0. Let f = b + 30. What are the prime factors of f?
2
Suppose 2*k - k = -u + 4, 0 = -4*u + 2*k + 34. Let f(g) = -3 - 14 - g + 0*g - u*g. List the prime factors of f(-8).
47
Let c(p) = -428*p**3 - 2*p - 2. Let u be c(-1). Let v = u + -243. List the prime factors of v.
5, 37
Suppose -57*y + 71*y = 38892. What are the prime factors of y?
2, 3, 463
Let t be -13 + (-1 - ((-6)/(-3) - 6)). Let n = t - -28. What are the prime factors of n?
2, 3
What are the prime factors of (-76)/(7/(14/(-1)))?
2, 19
Suppose -15*c = -2*c - 11245. List the prime factors of c.
5, 173
Suppose 10 = 2*x - 7*x. Let q(j) = 7*j**2 + 3*j. List the prime factors of q(x).
2, 11
Let w(y) = 3*y**2 - 16*y + 121. What are the prime factors of w(13)?
2, 3, 5, 7
Let n be 366/5 - (-3 - (-48)/15). Suppose -g = -315 + n. What are the prime factors of g?
2, 11
Suppose -3*a = h + h - 152, 2*a + 3*h - 93 = 0. Suppose 2*s + 2*x - a = s, x = -5*s + 288. What are the prime factors of s?
2, 29
Let b(v) = -v**3 + 5*v**2 + v - 2. Let x be b(5). Suppose x = p - 2, 5*p = u - 11. List the prime factors of u.
2, 3
Let u = -4 + 4. Suppose f - 11 = -u*f - 3*w, -f - 5*w + 17 = 0. List the prime factors of 1 - (f + 0 - 22).
3, 7
Suppose 2*z = 6*z. Suppose -2*o - 4*b + 4 = -132, 3*o - 3*b - 195 = z. What are the prime factors of o?
2, 3, 11
Let j = -9 + -3. Let m be (0 + 16/j)*9. Let y = m - -24. List the prime factors of y.
2, 3
Let t(m) = m**3 - 14*m**2 - 27*m - 21. List the prime factors of t(16).
59
Suppose -v - 11*h = -15*h - 142, -3*v + 5*h + 433 = 0. What are the prime factors of v?
2, 73
Suppose 0 = -2*u + 223 + 431. Suppose 5*c - u + 93 = 4*b, -b = c - 54. List the prime factors of c.
2, 5
Let d = -503 + 644. List the prime factors of d.
3, 47
Let t = -48 + 50. Suppose -t*b = -4*b + 406. List the prime factors of b.
7, 29
Suppose -4*h - w = -3445 - 116, -w - 3 = 0. List the prime factors of h.
3, 11
Let f = -1087 - -1630. Let h = f + -338. List the prime factors of h.
5, 41
Let q be (-3)/(27/(-66))*30/4. Let f = q + -1. What are the prime factors of f?
2, 3
Let a(d) = 3*d**2 - 2*d - 2. Let b be a(-1). Let i(t) = 6 + 11*t**b - 5 + t - 3*t. List the prime factors of i(1).
2, 5
Let p(k) = 2*k**3 - 8*k**2 - 22*k - 49. What are the prime factors of p(14)?
7, 509
Let z = 1586 - 405. What are the prime factors of z?
1181
Let f = -218 + 2873. List the prime factors of f.
3, 5, 59
Let r = -2018 - -5202. List the prime factors of r.
2, 199
Suppose -3*q + 564 + 727 = 5*z, 2*q = -5*z + 1294. Suppose 6*m - z = 2*m. What are the prime factors of m?
5, 13
Suppose 322 = 7*v - 378. Let n = v - 63. List the prime factors of n.
37
Let a(g) = 913*g**2 + 2*g - 2. What are the prime factors of a(1)?
11, 83
Let g = -20 + -125. Let k = g + 252. List the prime factors of k.
107
Let z(c) = -5*c + 4. Let k(x) = 2*x**3 + 12*x**2 + 6. Let q be k(-6). Suppose -10*l + q*l = 20. What are the prime factors of z(l)?
29
Let a(g) = g**3 + 7*g**2 + g + 10. Let b be a(-7). Suppose -p + 1 = b. List the prime factors of p/(-5) + (-39)/(-15).
3
Let p be 1/4 + 1 - 87/(-116). Suppose 4*i = -f + 124, 0*f + p*f - 276 = -i. What are the prime factors of f?
2, 5, 7
Let b(z) = -z**2 - 8*z + 2. Let d be b(-8). Suppose 4*t - 58 - 42 = 0. Let m = t - d. List the prime factors of m.
23
Let h(i) = 6*i - 38. Let l = 92 - 82. What are the prime factors of h(l)?
2, 11
List the prime factors of 1*(217 + (-15)/3 + -2).
2, 3, 5, 7
Suppose 0 = 5*r - r + 20. Let i = 5 + r. Suppose i = y - 5*q - 25, y + 3*q - 4 = -3. List the prime factors of y.
2, 5
Let q = 9 - 13. Let a be 1/(q/12 - 0). Let l = a - -7. What are the prime factors of l?
2
Suppose 0*c - 9 = -3*c. Suppose -c*x + 10 = 2*x. Suppose d - 76 = o, -o - 304 = -4*d + x*o. What are the prime factors of d?
2, 19
Let v = -23 + 25. Suppose -2*y - 23 + 0 = -3*g, v*g = -5*y - 10. Suppose 2*b = -g*o + 293, 5*o - 277 = -0*b + 2*b. List the prime factors of o.
3, 19
Let o = -321 + 529. What are the prime factors of o?
2, 13
Let y = -393 + 752. Let j = 657 - y. List the prime factors of j.
2, 149
Suppose -36 = -2*o + 5*o. Let q(v) = -4*v - 6. List the prime factors of q(o).
2, 3, 7
Let r be (0 - (4 + 121))/(1/1). Let g = r - -214. What are the prime factors of g?
89
List the prime factors of ((-6)/7)/(15/(-32795)).
2, 937
Let m be -1*((-18)/2 + 4). Suppose 0*o = -m*f + 4*o + 485, 5*o + 379 = 4*f. What are the prime factors of f?
101
Let o(h) = -4 - 3 - 3*h + 1 + h**2 + 0. Let n be o(-4). What are the prime factors of (-338)/(-18) + n/99?
19
Suppose 5*v - 7360 = 2*b, -3*v = -4*v - 2*b + 1484. List the prime factors of v.
2, 11, 67
Suppose -16 = 4*u, -3*w = -2*w - 2*u - 5. What are the prime factors of w*(-5)/15 - -107?
2, 3
Suppose -q - 9*q + 40 = 0. List the prime factors of (-2)/q + 63/2.
31
Let o be (20/15)/(2/(-69)). Let h = o - -28. Let t = h + 27. What are the prime factors of t?
3
Let h = -2667 - -3690. What are the prime factors of h?
3, 11, 31
Let f(m) = m**2 + 15*m + 1. Let p be f(-16). Suppose p*k = 3703 + 394. List the prime factors of k.
241
Let o be (-2)/(-6) - 11/(-3). Let k = 12 - 0. Suppose 4*u - 2*u = 2*j - 22, -3*j - o*u + k = 0. What are the prime factors of j?
2
Let r = 47 + -45. Suppose 3*a - r*o = 292, -a + 112 + 8 = 5*o. What are the prime factors of a?
2, 5
Let g be -5*6/(-15) - -182. Suppose g = -3*b + 5*b. Suppose -3*m + 172 = -a - 0*a, -5*a + b = 2*m. List the prime factors of m.
2, 7
Suppose z + 3 = s - 2, 0 = -3*s + 2*z + 16. Suppose 0 = -s*q + 732 - 126. What are the prime factors of q?
101
Let w = 1163 + -207. List the prime factors of w.
2, 239
Let f = -13 + 24. Let s(q) = 2*q - 7. What are the prime factors of s(f)?
3, 5
Let a(n) = -n**2 + 7. Let w be a(0). What are the prime factors of (-14)/49 + 954/w?
2, 17
What are the prime factors of (-9)/(-2)*86*1?
3, 43
Let u(b) = -b**2 - 1. Let a(o) = o**2 + 27*o - 7. Let h(x) = a(x) + 2*u(x). List the prime factors of h(23).
83
Suppose -5*z - 5*h + 1060 = 0, -3*h = -z + 201 + 3. What are the prime factors of z?
2, 3, 5, 7
Let x be 9/27*6/(-2). Let o be ((-35)/(-2))/(x/(-6)). Suppose 0*h - 3*h + o = 0. List the prime factors of h.
5, 7
Let w = 28 - 79. Let z be (-2 - w)*(6 + -4). Suppose 4*a = 4*i + 204, -2*a + 5*i + z - 8 = 0. What are the prime factors of a?
5, 11
Let q(b) = -b**2 + 16*b. Suppose -4*v + 13 = -7. List the prime factors of q(v).
5, 11
Let l(h) = h**3 + 31*h**2 + 24*h - 84. List the prime factors of l(-28).
2, 3, 7, 19
Let u = 21 + -27. Let g be u + 32 + (1 - 5). Let s = g + -3. What are the prime factors of s?
19
Let c(p) = p**2 - 12*p + 23. Let d be c(11). Let o be ((-9)/d)/((-2)/336). Suppose -3*b = -10*b + o. What are the prime factors of b?
2, 3
Let h be 12/18 - (-28)/3. Suppose -h*f + 3*f = -126. What are the prime factors of f?
2, 3
Let v(n) = -3*n**3 + 5*n**2 - 17. List the prime factors of v(-4).
3, 5, 17
List the prime factors of (-303 + -10)/(((-15)/6)/5).
2, 313
Let q(b) = 2*b**2 - 17*b + 73. List the prime factors of q(8).
5, 13
Let l = 1167 + -640. List the prime factors of l.
17, 31
Let t be (6/(-7))/(6/294*7). Let w = t + 157. What are the prime factors of w?
151
Let w(i) = i**3 - 8*i**2 + 2*i - 16. Let d be w(8). Suppose 184 = 2*r - d*r. What are the prime factors of r?
2, 23
Let a(d) = -d**3 - 2*d**2 - d + 3. Let m be a(0). Suppose -m*t = -3*g + 64 + 332, 5*t + 523 = 4*g. List the prime factors of g.
137
Let h be 1/3 - (-76)/(-12). Let i(z) = 4*z - 11. Let g(j) = -12*j + 33. Let f(r) = h*g(r) - 17*i(r). What are the prime factors of f(5)?
3
Suppose -3*z + 56 = -79. List the prime factors of z/(-105) - 356/(-14).
5
Let z(t) = -t**2 + 18*t + 7. Let c be z(11). Suppose -3*r + 84 = r + y, -2*y - c = -4*r. What are the prime factors of r?
3, 7
Suppose 5*n - 2*x = -4*x + 628, -4*n = -5*x - 509. Suppose -78 - n = -2*d - 4*i, -106 = -d + 2*i. What are the prime factors of d?
2, 13
Let p = 64 - 64. Suppose -7*i + 2*i - 20 = p, 2*v - 3*i - 62 = 0. What are the prime factors of v?
5
List the prime factors of 4/((-72)/(-3502)) 